{"id":27964,"date":"2020-01-02T16:46:36","date_gmt":"2020-01-02T15:46:36","guid":{"rendered":"https:\/\/www.ellydewaard.nl\/blog\/?page_id=27964"},"modified":"2020-08-20T14:23:48","modified_gmt":"2020-08-20T13:23:48","slug":"jesse-winchester-en-robbie-robertson","status":"publish","type":"page","link":"https:\/\/www.ellydewaard.nl\/blog\/?page_id=27964","title":{"rendered":"Jesse Winchester (en Robbie Robertson)"},"content":{"rendered":"<p><a href=\"https:\/\/www.ellydewaard.nl\/blog\/?attachment_id=27965\" rel=\"attachment wp-att-27965\"><img loading=\"lazy\" decoding=\"async\" class=\"aligncenter size-full wp-image-27965\" src=\"https:\/\/www.ellydewaard.nl\/blog\/wp-content\/uploads\/2019\/12\/0fd14394606f9de774ccd4805b391fbc.1000x1000x1.jpg\" alt=\"\" width=\"1000\" height=\"1000\" srcset=\"https:\/\/www.ellydewaard.nl\/blog\/wp-content\/uploads\/2019\/12\/0fd14394606f9de774ccd4805b391fbc.1000x1000x1.jpg 1000w, https:\/\/www.ellydewaard.nl\/blog\/wp-content\/uploads\/2019\/12\/0fd14394606f9de774ccd4805b391fbc.1000x1000x1-300x300.jpg 300w, https:\/\/www.ellydewaard.nl\/blog\/wp-content\/uploads\/2019\/12\/0fd14394606f9de774ccd4805b391fbc.1000x1000x1-150x150.jpg 150w, https:\/\/www.ellydewaard.nl\/blog\/wp-content\/uploads\/2019\/12\/0fd14394606f9de774ccd4805b391fbc.1000x1000x1-768x768.jpg 768w, https:\/\/www.ellydewaard.nl\/blog\/wp-content\/uploads\/2019\/12\/0fd14394606f9de774ccd4805b391fbc.1000x1000x1-144x144.jpg 144w\" sizes=\"auto, (max-width: 1000px) 100vw, 1000px\" \/><\/a><\/p>\n<p>Jesse Winchester is een uit Memphis, Tennessee afkomstige zanger en gitarist die, zoals zoveel Amerikanen van zijn leeftijd, op de vlucht sloeg voor de militaire dienst en Vietnam. Hij kwam terecht in Montreal, waar hij sinds 1967 in ballingschap woont, in afwachting van het verkrijgen van de Canadese nationaliteit.<\/p>\n<p>Zijn plaat bevat tien door hemzelf geschreven songs, waarvan \u00e9\u00e9n die hij samen met Robbie Robertson, gitarist van The Band schreef. Robertson was ook de producer van het album en dat is goed te horen. De muziek op de plaat heeft dezelfde spaarzame en heldere functionaliteit als die van The Band. Daarbij komt nog dat Robertson zelf er elektrische gitaar op speelt en dat Levon Helm van The Band als drummer en mandolinespeler te horen is.<br \/>\nVerder gebruikte instrumenten: piano, basgitaar, orgel, vibrafoon en countryviool. Of Robbie Robertson ook voor deze instrumentatie heeft gezorgd is niet duidelijk, maar het ligt wel voor de hand. Het orgel vervangt, waar het ingezet wordt, wat anders misschien orkestraties zouden zijn geworden; de vibrafoon voorziet in een zwevend en tegelijk obsederend geluid, bijvoorbeeld bij de spookachtige tekst van &#8216;Black Dog&#8217;.<br \/>\nRonduit een vondst is de elektrische staande bas, die behalve met de hand, ook met de strijkstok bespeeld wordt &#8211; voor zo ver ik weet is dit de eerste keer dat dit gewoonlijk akoestische instrument (dat met de uitvinding van de basgitaar in de jaren vijftig op slag verouderd was) elektrisch gebruikt wordt.<br \/>\nWinchesters songs hebben weinig te maken met het doorsnee commerci\u00eble hitwerk &#8211; toch zijn ze stevig geworteld in de traditie van de countrymuziek en de rock and roll. Zijn gedreven zang en uitstekende melodie\u00ebn en teksten zijn niet los van elkaar te zien. Ze komen duidelijk van \u00e9\u00e9n persoon, evenals zijn gitaar- en pianobijdragen, en daarmee schiep hij zich met behulp van Robertson de maximaal gunstige omstandigheden voor een muzikale topprestatie.<\/p>\n<p>Zijn songs vari\u00ebren van het aardse en springerige &#8216;Payday&#8217;:\u00a0<i>&#8216;Let&#8217;s go out on the town tonight \/ My pockets are heavy with loot \/ And get\u00a0<\/i><i>drunk and\u00a0nasty \/ And loud and\u00a0agressive to boot&#8217;<\/i>, tot en met de meer monumentale songs &#8216;Black Dog&#8217;, &#8216;Skip Rope Song&#8217; en &#8216;Quiet About It&#8217;:\u00a0<em>&#8216;He&#8217;s walking with us \/ And He\u00a0<\/em><i>speaks through every man \/ But I have this notion, \/ Call it my fear \/ That I will die alone \/ And even He won&#8217;t be there&#8217;.<\/i><\/p>\n<p>Winchesters werk is een combinatie van bijna Bijbelse opvattingen, aardse geilheid (op zijn fraaist uitgedrukt in &#8216;That&#8217;s a Touch I Like&#8217;) en briljante huiselijkheid (gezang over de geneugten van een stevig ontbijt met een goede kop koffie) en dat alles gelardeerd met een flinke dosis nostalgie.<br \/>\nEen nummer als &#8216;Rosie Shy&#8217;, waarin zang, piano, elektrische gitaar en met de hand bespeelde drums elkaar als het ware achtervolgen, is mijns inziens net zo klassiek als de liedkunst die hier uit de zeventiende eeuw bekend is.<br \/>\nIn &#8216;The Brand New Tennessee Waltz&#8217; wordt heel mooi het heimwee naar het onbereikbare land van herkomst uitgedrukt en daarbij wordt in de begeleiding de countryviool effectief ingezet:<\/p>\n<p style=\"text-align: center;\"><i>Because love is mainly just memories<\/i><br \/>\n<i>And everyone&#8217;s got them a few<\/i><br \/>\n<i>(&#8230;)<\/i><br \/>\n<i>So let all your passionate violins<\/i><br \/>\n<i>Play a tune for a Tennessee kid<\/i><br \/>\n<i>Who&#8217;s feeling like leaving another town<\/i><br \/>\n<i>But no place to go if he did<\/i><br \/>\n<i>&#8216;Cause they catch you wherever\u00a0you&#8217;d hid<\/i><\/p>\n<p>Het samen met Robertson geschreven lied &#8216;Snow&#8217; is weer een heel ander werkje:\u00a0<em>&#8216;I was tuning in the six o&#8217;clock newscast \/ And the weather man mentioned snow \/ As soon as I heard that\u00a0<\/em><i>four-letter word \/ I was making my plans to go.&#8217;<br \/>\n<\/i>Weg van de ellende van de overstelpende Canadese sneeuw, koude oren en voeten en daarbij geen stevige schoenen, geen lekkere bontmuts, geen lang warm ondergoed of zelfs maar &#8216;een beschermend laagje vet&#8217; op het lichaam.<\/p>\n<p>Het mooiste nummer van de plaat is misschien wel het nostalgische &#8216;Yankee Lady&#8217;, dat aldus begint:<\/p>\n<p style=\"text-align: center;\"><i>I lived with the decent folks<\/i><br \/>\n<i>In the hills of old Vermont<\/i><br \/>\n<i>Where what you do all day<\/i><br \/>\n<i>Depends on what you want<\/i><br \/>\n<i>And I took up with a woman there<\/i><br \/>\n<i>Though I was still a kid<\/i><br \/>\n<i>And I smile like the sun<\/i><br \/>\n<i>To think of all the\u00a0loving that we did.<\/i><\/p>\n<p style=\"text-align: center;\"><i>She\u00a0rose each morning and went off to work<br \/>\nAnd she kept me with her pay<br \/>\nI was making sweet love all night<br \/>\nAnd playing\u00a0guitar all day<br \/>\nAnd I got apple cider and homemade bread<br \/>\nTo make a man say grace<br \/>\nAnd clean linens on my bed<br \/>\nAnd a warm feet fire place.<\/i><\/p>\n<p>Jesse Winchester \u00a0werd in 1943 geboren in Shreveport, Louisiana en woonde vanaf zijn twaalfde in het eerder genoemde Memphis. Hij studeerde Frans en Duits aan het Williams College in Massachusetts en twee jaar filosofie aan de universiteit van M\u00fcnchen. Terug in Amerika haalde hij een graad in Duits omdat &#8216;studeren een manier was om uit het leger te blijven&#8217;.<br \/>\nZowel in de VS als Duitsland en Canada speelde hij in diverse bands en groepen. In Canada reisde hij om aan geld te komen respectievelijk met een in het Frans zingende groep (Les Astronautes) en een Canadese rhythm and blues-groep (John Coldwater Group) eindeloos langs kleine provinciesteden, &#8216;waar je niemand kent, alle films in het Frans of het Duits zijn en waar niets anders te doen is dan brieven schrijven, in een bar gaan zitten en tv-kijken: naar ijshockeywedstrijden.&#8217;\u00a0Later ging hij alleen als zanger met gitaar optreden.<\/p>\n<p>Het isolement van de Amerikaanse dienstontduiker in Montreal werd nog vergroot door de Frans geori\u00ebnteerde cultuur van die stad. Toch blijft hij er maar wonen omdat hij vindt dat hij \u00a0&#8216;geen keus&#8217; heeft en omdat &#8216;ze me er accepteren&#8217;. Via een vriend die Robbie Robertson kende &#8211; Robertsons vrouw is afkomstig uit Montreal en ze komen er beiden vrij geregeld op bezoek &#8211; kwam tenslotte eind 1969 deze plaat tot stand.<br \/>\nInmiddels heeft Winchester alweer een nieuwe LP gemaakt, nu geproduceerd door Todd Rundgren (van de groep Nazz), die ook technicus was bij het eerste album. Wanneer deze plaat uitkomt is niet bekend, maar het kan niet lang meer duren. Intussen wordt het wel tijd dat een van de Nederlandse platenmaatschappijen de vertegenwoordiging van het kleine Ampexlabel, waarop Winchester verschijnt, op zich gaat nemen, zodat dit werk hier beter verkrijgbaar wordt. Briljante en relaxte muziek met teksten die de schoonheid van de eenvoud bezitten en die door de maker zelf wordt omschreven als &#8216;vooral geschikt voor feesten en partijen&#8217;.<\/p>\n<p>Elly de Waard, uit\u00a0<em>Vrij Nederland, 8 mei 1971, verzameld met het grootste deel van mijn overige rock-kritieken in:\u00a0<strong>Het Jasje van David Bowie, Uitgeverij De Harmonie, 2015<\/strong><\/em><\/p>\n<p>&nbsp;<\/p>\n","protected":false},"excerpt":{"rendered":"<p><a href=\"https:\/\/www.ellydewaard.nl\/blog\/?attachment_id=27965\" rel=\"attachment wp-att-27965\"><img loading=\"lazy\" decoding=\"async\" class=\"aligncenter size-full wp-image-27965\" src=\"https:\/\/www.ellydewaard.nl\/blog\/wp-content\/uploads\/2019\/12\/0fd14394606f9de774ccd4805b391fbc.1000x1000x1.jpg\" alt=\"\" width=\"1000\" height=\"1000\" srcset=\"https:\/\/www.ellydewaard.nl\/blog\/wp-content\/uploads\/2019\/12\/0fd14394606f9de774ccd4805b391fbc.1000x1000x1.jpg 1000w, https:\/\/www.ellydewaard.nl\/blog\/wp-content\/uploads\/2019\/12\/0fd14394606f9de774ccd4805b391fbc.1000x1000x1-300x300.jpg 300w, https:\/\/www.ellydewaard.nl\/blog\/wp-content\/uploads\/2019\/12\/0fd14394606f9de774ccd4805b391fbc.1000x1000x1-150x150.jpg 150w, https:\/\/www.ellydewaard.nl\/blog\/wp-content\/uploads\/2019\/12\/0fd14394606f9de774ccd4805b391fbc.1000x1000x1-768x768.jpg 768w, https:\/\/www.ellydewaard.nl\/blog\/wp-content\/uploads\/2019\/12\/0fd14394606f9de774ccd4805b391fbc.1000x1000x1-144x144.jpg 144w\" sizes=\"auto, (max-width: 1000px) 100vw, 1000px\" \/><\/a><\/p>\n","protected":false},"author":2,"featured_media":0,"parent":0,"menu_order":6,"comment_status":"closed","ping_status":"closed","template":"onecolumn-page_rock.php","meta":{"footnotes":""},"class_list":["post-27964","page","type-page","status-publish","hentry"],"_links":{"self":[{"href":"https:\/\/www.ellydewaard.nl\/blog\/index.php?rest_route=\/wp\/v2\/pages\/27964","targetHints":{"allow":["GET"]}}],"collection":[{"href":"https:\/\/www.ellydewaard.nl\/blog\/index.php?rest_route=\/wp\/v2\/pages"}],"about":[{"href":"https:\/\/www.ellydewaard.nl\/blog\/index.php?rest_route=\/wp\/v2\/types\/page"}],"author":[{"embeddable":true,"href":"https:\/\/www.ellydewaard.nl\/blog\/index.php?rest_route=\/wp\/v2\/users\/2"}],"replies":[{"embeddable":true,"href":"https:\/\/www.ellydewaard.nl\/blog\/index.php?rest_route=%2Fwp%2Fv2%2Fcomments&post=27964"}],"version-history":[{"count":12,"href":"https:\/\/www.ellydewaard.nl\/blog\/index.php?rest_route=\/wp\/v2\/pages\/27964\/revisions"}],"predecessor-version":[{"id":28370,"href":"https:\/\/www.ellydewaard.nl\/blog\/index.php?rest_route=\/wp\/v2\/pages\/27964\/revisions\/28370"}],"wp:attachment":[{"href":"https:\/\/www.ellydewaard.nl\/blog\/index.php?rest_route=%2Fwp%2Fv2%2Fmedia&parent=27964"}],"curies":[{"name":"wp","href":"https:\/\/api.w.org\/{rel}","templated":true}]}}